{"id":4378,"date":"2024-05-02T20:12:38","date_gmt":"2024-05-02T19:12:38","guid":{"rendered":"https:\/\/farmaciasavenidaderoma.com\/?post_type=product&#038;p=4378"},"modified":"2024-05-02T20:12:38","modified_gmt":"2024-05-02T19:12:38","slug":"colchao-anti-escaras-com-compressor","status":"publish","type":"product","link":"https:\/\/farmaciasavenidaderoma.com\/?product=colchao-anti-escaras-com-compressor","title":{"rendered":"Colch\u00e3o Anti-Escaras Com Compressor"},"content":{"rendered":"<div class=\"description paragraph ng-binding\">O Colch\u00e3o Anti-Escaras Com Compressor \u00e9 composto por c\u00e9lulas de ar que enchem e esvaziam alternadamente, em ciclos de aproximadamente 12 minutos, o que permite que a circula\u00e7\u00e3o do utilizador seja ativada prevenindo o desenvolvimento de escaras.<br \/>\nEste produto \u00e9 indicado para pessoas com baixo risco de desenvolver escaras, pode ser usado em camas articuladas ou em camas normais e deve ser colocado sobre um colch\u00e3o.<br \/>\nO colch\u00e3o \u00e9 fornecido com o compressor e com um kit de repara\u00e7\u00e3o.<br \/>\nSempre que o utilizador n\u00e3o se encontrar deitado o compressor deve ser desligado.<\/p>\n<p>Este produto \u00e9 um dispositivo m\u00e9dico, leia atentamente a rotulagem e\/ou o folheto informativo. Em caso de d\u00favida, consulte um profissional de sa\u00fade.<br \/>\nTaxa de IVA: 6%<\/p><\/div>\n<div class=\"keyfeatures ng-scope\">\n<ul>\n<li class=\"ng-binding ng-scope\">Pode ser usado em camas articuladas ou em camas normais.<\/li>\n<li class=\"ng-binding ng-scope\">Fornecido com o compressor e com kit de repara\u00e7\u00e3o.<\/li>\n<li class=\"ng-binding ng-scope\">Fluxo de ar regul\u00e1vel.<\/li>\n<li class=\"ng-binding ng-scope\">Peso m\u00e1ximo do utilizador: 100kg.<\/li>\n<\/ul>\n<\/div>\n","protected":false},"excerpt":{"rendered":"<p>O Colch\u00e3o Anti-Escaras Com Compressor \u00e9 composto por c\u00e9lulas de ar que enchem e esvaziam alternadamente, em ciclos de aproximadamente 12 minutos, o que permite&hellip;<\/p>\n","protected":false},"featured_media":4379,"template":"","meta":{"_eb_attr":""},"product_cat":[33,108],"product_tag":[118],"class_list":{"0":"post-4378","1":"product","2":"type-product","3":"status-publish","4":"has-post-thumbnail","6":"product_cat-campanhas","7":"product_cat-ortopedia","8":"product_tag-anti-escaras","10":"first","11":"instock","12":"sale","13":"shipping-taxable","14":"purchasable","15":"product-type-simple","16":"customify-col"},"aioseo_notices":[],"_links":{"self":[{"href":"https:\/\/farmaciasavenidaderoma.com\/index.php?rest_route=\/wp\/v2\/product\/4378","targetHints":{"allow":["GET"]}}],"collection":[{"href":"https:\/\/farmaciasavenidaderoma.com\/index.php?rest_route=\/wp\/v2\/product"}],"about":[{"href":"https:\/\/farmaciasavenidaderoma.com\/index.php?rest_route=\/wp\/v2\/types\/product"}],"wp:featuredmedia":[{"embeddable":true,"href":"https:\/\/farmaciasavenidaderoma.com\/index.php?rest_route=\/wp\/v2\/media\/4379"}],"wp:attachment":[{"href":"https:\/\/farmaciasavenidaderoma.com\/index.php?rest_route=%2Fwp%2Fv2%2Fmedia&parent=4378"}],"wp:term":[{"taxonomy":"product_cat","embeddable":true,"href":"https:\/\/farmaciasavenidaderoma.com\/index.php?rest_route=%2Fwp%2Fv2%2Fproduct_cat&post=4378"},{"taxonomy":"product_tag","embeddable":true,"href":"https:\/\/farmaciasavenidaderoma.com\/index.php?rest_route=%2Fwp%2Fv2%2Fproduct_tag&post=4378"}],"curies":[{"name":"wp","href":"https:\/\/api.w.org\/{rel}","templated":true}]}}