{"id":4024,"date":"2024-04-17T16:49:27","date_gmt":"2024-04-17T15:49:27","guid":{"rendered":"https:\/\/farmaciasavenidaderoma.com\/?post_type=product&#038;p=4024"},"modified":"2024-04-22T17:40:28","modified_gmt":"2024-04-22T16:40:28","slug":"ecophane-biorga-60-comp","status":"publish","type":"product","link":"https:\/\/farmaciasavenidaderoma.com\/?product=ecophane-biorga-60-comp","title":{"rendered":"Ecophane Biorga 60 comp"},"content":{"rendered":"<p>Ecophane Biorga \u00e9 um suplemento alimentar, indicado para cabelos secos e quebradi\u00e7os,\u00a0que interv\u00e9m na forma\u00e7\u00e3o da queratina, contribui para a s\u00edntese normal da ciste\u00edna e protege contra o stress oxidativo.<\/p>\n<p>Os cabelos ficam mais fortes, mais suaves, macios e brilhantes e as unhas ficam mais fortes, mais resistentes e brilhantes.<\/p>\n<p>Pode ser utilizado por\u00a0diab\u00e9ticos, hipertensos e por pessoas que est\u00e3o a seguir um regime hipocal\u00f3rico, uma vez que cada comprimido apresenta 4 Kcal.<\/p>\n<p>Tomar 2 comprimidos por dia com um copo de \u00e1gua grande, \u00e0s refei\u00e7\u00f5es, durante 3 meses.<\/p>\n","protected":false},"excerpt":{"rendered":"<p>Ecophane Biorga \u00e9 um suplemento alimentar, indicado para cabelos secos e quebradi\u00e7os,\u00a0que interv\u00e9m na forma\u00e7\u00e3o da queratina, contribui para a s\u00edntese normal da ciste\u00edna e&hellip;<\/p>\n","protected":false},"featured_media":4025,"template":"","meta":{"_eb_attr":""},"product_cat":[15,33,25],"product_tag":[72],"class_list":{"0":"post-4024","1":"product","2":"type-product","3":"status-publish","4":"has-post-thumbnail","6":"product_cat-geral","7":"product_cat-campanhas","8":"product_cat-suplementos","9":"product_tag-cabelo","11":"first","12":"instock","13":"sale","14":"shipping-taxable","15":"purchasable","16":"product-type-simple","17":"customify-col"},"aioseo_notices":[],"_links":{"self":[{"href":"https:\/\/farmaciasavenidaderoma.com\/index.php?rest_route=\/wp\/v2\/product\/4024","targetHints":{"allow":["GET"]}}],"collection":[{"href":"https:\/\/farmaciasavenidaderoma.com\/index.php?rest_route=\/wp\/v2\/product"}],"about":[{"href":"https:\/\/farmaciasavenidaderoma.com\/index.php?rest_route=\/wp\/v2\/types\/product"}],"wp:featuredmedia":[{"embeddable":true,"href":"https:\/\/farmaciasavenidaderoma.com\/index.php?rest_route=\/wp\/v2\/media\/4025"}],"wp:attachment":[{"href":"https:\/\/farmaciasavenidaderoma.com\/index.php?rest_route=%2Fwp%2Fv2%2Fmedia&parent=4024"}],"wp:term":[{"taxonomy":"product_cat","embeddable":true,"href":"https:\/\/farmaciasavenidaderoma.com\/index.php?rest_route=%2Fwp%2Fv2%2Fproduct_cat&post=4024"},{"taxonomy":"product_tag","embeddable":true,"href":"https:\/\/farmaciasavenidaderoma.com\/index.php?rest_route=%2Fwp%2Fv2%2Fproduct_tag&post=4024"}],"curies":[{"name":"wp","href":"https:\/\/api.w.org\/{rel}","templated":true}]}}