{"id":4014,"date":"2024-04-17T16:49:28","date_gmt":"2024-04-17T15:49:28","guid":{"rendered":"https:\/\/farmaciasavenidaderoma.com\/?post_type=product&#038;p=4014"},"modified":"2024-04-22T17:40:18","modified_gmt":"2024-04-22T16:40:18","slug":"dercos-estimulante-condicionador-200ml","status":"publish","type":"product","link":"https:\/\/farmaciasavenidaderoma.com\/?product=dercos-estimulante-condicionador-200ml","title":{"rendered":"Dercos Estimulante Condicionador 200ml"},"content":{"rendered":"<p>Dercos Estimulante Condicionador Fortificante Complemento dos Cuidados Antiqueda cont\u00e9m aminexil, mol\u00e9cula antiqueda de refer\u00eancia, e um complexo fortificante (Vitaminas PP\/B5\/B6 + Ceramida), para nutrir intensamente o cabelo e atuar essencialmente nas zonas fragilizadas do cabelo para refor\u00e7ar a estrutura da fibra.<br \/>\nDesembara\u00e7a o cabelo, deixando-o sedoso e brilhante.<br \/>\nAdequado ao couro cabelo sens\u00edvel.<br \/>\nHipoalerg\u00e9nico.<\/p>\n<p>Aplique no cabelo h\u00famido ap\u00f3s lavagem.<br \/>\nDeixe atuar 1 a 2 minutos.<br \/>\nEnxague abundantemente.<\/p>\n","protected":false},"excerpt":{"rendered":"<p>Dercos Estimulante Condicionador Fortificante Complemento dos Cuidados Antiqueda cont\u00e9m aminexil, mol\u00e9cula antiqueda de refer\u00eancia, e um complexo fortificante (Vitaminas PP\/B5\/B6 + Ceramida), para nutrir intensamente&hellip;<\/p>\n","protected":false},"featured_media":4015,"template":"","meta":{"_eb_attr":""},"product_cat":[15,33],"product_tag":[72],"class_list":{"0":"post-4014","1":"product","2":"type-product","3":"status-publish","4":"has-post-thumbnail","6":"product_cat-geral","7":"product_cat-campanhas","8":"product_tag-cabelo","10":"first","11":"instock","12":"sale","13":"shipping-taxable","14":"purchasable","15":"product-type-simple","16":"customify-col"},"aioseo_notices":[],"_links":{"self":[{"href":"https:\/\/farmaciasavenidaderoma.com\/index.php?rest_route=\/wp\/v2\/product\/4014","targetHints":{"allow":["GET"]}}],"collection":[{"href":"https:\/\/farmaciasavenidaderoma.com\/index.php?rest_route=\/wp\/v2\/product"}],"about":[{"href":"https:\/\/farmaciasavenidaderoma.com\/index.php?rest_route=\/wp\/v2\/types\/product"}],"wp:featuredmedia":[{"embeddable":true,"href":"https:\/\/farmaciasavenidaderoma.com\/index.php?rest_route=\/wp\/v2\/media\/4015"}],"wp:attachment":[{"href":"https:\/\/farmaciasavenidaderoma.com\/index.php?rest_route=%2Fwp%2Fv2%2Fmedia&parent=4014"}],"wp:term":[{"taxonomy":"product_cat","embeddable":true,"href":"https:\/\/farmaciasavenidaderoma.com\/index.php?rest_route=%2Fwp%2Fv2%2Fproduct_cat&post=4014"},{"taxonomy":"product_tag","embeddable":true,"href":"https:\/\/farmaciasavenidaderoma.com\/index.php?rest_route=%2Fwp%2Fv2%2Fproduct_tag&post=4014"}],"curies":[{"name":"wp","href":"https:\/\/api.w.org\/{rel}","templated":true}]}}