{"id":3541,"date":"2024-04-23T16:57:12","date_gmt":"2024-04-23T15:57:12","guid":{"rendered":"https:\/\/farmaciasavenidaderoma.com\/?post_type=product&#038;p=3541"},"modified":"2024-04-23T18:08:44","modified_gmt":"2024-04-23T17:08:44","slug":"advancis-easylax-carvao-vegetalfuncho-45-comp","status":"publish","type":"product","link":"https:\/\/farmaciasavenidaderoma.com\/?product=advancis-easylax-carvao-vegetalfuncho-45-comp","title":{"rendered":"Advancis Easylax Carv\u00e3o Vegetal+Funcho 45 comp"},"content":{"rendered":"<div class=\"py-4 border-bottom\" data-v-b10c057c=\"\">\n<div class=\"px-4\" data-v-b10c057c=\"\">\n<div id=\"collapse-0\" class=\"collapse show\" data-v-b10c057c=\"\">\n<div class=\"fs-14 text-gray-700 font-alt mt-4\" data-v-b10c057c=\"\">\n<p>Advancis Easylax Carv\u00e3o Vegetal\u00a0\u00e9 um suplemento alimentar de origem natural que associa o carv\u00e3o vegetal ao funcho.<\/p>\n<p>O carv\u00e3o vegetal ativado \u00e9 usado tradicionalmente no al\u00edvio da flatul\u00eancia ap\u00f3s refei\u00e7\u00f5es, uma vez que tem capacidade para adsorver os gases intestinais, contribuindo para diminuir o desconforto intestinal e a sensa\u00e7\u00e3o de abd\u00f3men dilatado.<\/p>\n<p>O funcho tem tamb\u00e9m sido tradicionalmente usado em situa\u00e7\u00f5es de flatul\u00eancia e sensa\u00e7\u00e3o de barriga inchada. Esta planta \u00e9 ainda utilizada como estimulante digestivo.<\/p>\n<p>Quando tomar:<\/p>\n<ul>\n<li>Flatul\u00eancia<\/li>\n<li>Sensa\u00e7\u00e3o de barriga inchada<\/li>\n<li>Desconforto intestinal<\/li>\n<\/ul>\n<p>&nbsp;<\/p>\n<\/div>\n<\/div>\n<\/div>\n<\/div>\n<div class=\"py-4 border-bottom\" data-v-b10c057c=\"\">\n<div class=\"px-4\" data-v-b10c057c=\"\">\n<div class=\"font-weight-bolder shadow-none text-gray-850 fs-18 text-capitalize d-flex justify-content-between align-items-center not-collapsed\" role=\"button\" data-v-b10c057c=\"\" aria-expanded=\"true\" aria-controls=\"collapse-1\"><span data-v-b10c057c=\"\"><i class=\"icon-ldf-success text-primary\" data-v-b10c057c=\"\"><\/i>\u00a0Como Utilizar<\/span><i class=\"icon icon-arrow-right text-gray-400\" data-v-b10c057c=\"\"><\/i><\/div>\n<div id=\"collapse-1\" class=\"collapse show\" data-v-b10c057c=\"\">\n<div class=\"fs-14 text-gray-700 font-alt mt-4\" data-v-b10c057c=\"\">\n<p>Tomar 1 comprimido ap\u00f3s as tr\u00eas principais refei\u00e7\u00f5es (pequeno-almo\u00e7o, almo\u00e7o e jantar).<\/p>\n<\/div>\n<\/div>\n<\/div>\n<\/div>\n","protected":false},"excerpt":{"rendered":"<p>Advancis Easylax Carv\u00e3o Vegetal\u00a0\u00e9 um suplemento alimentar de origem natural que associa o carv\u00e3o vegetal ao funcho. O carv\u00e3o vegetal ativado \u00e9 usado tradicionalmente no&hellip;<\/p>\n","protected":false},"featured_media":3542,"template":"","meta":{"_eb_attr":""},"product_cat":[15,33,25],"product_tag":[86],"class_list":{"0":"post-3541","1":"product","2":"type-product","3":"status-publish","4":"has-post-thumbnail","6":"product_cat-geral","7":"product_cat-campanhas","8":"product_cat-suplementos","9":"product_tag-sistema-digestivo","11":"first","12":"instock","13":"sale","14":"shipping-taxable","15":"purchasable","16":"product-type-simple","17":"customify-col"},"aioseo_notices":[],"_links":{"self":[{"href":"https:\/\/farmaciasavenidaderoma.com\/index.php?rest_route=\/wp\/v2\/product\/3541","targetHints":{"allow":["GET"]}}],"collection":[{"href":"https:\/\/farmaciasavenidaderoma.com\/index.php?rest_route=\/wp\/v2\/product"}],"about":[{"href":"https:\/\/farmaciasavenidaderoma.com\/index.php?rest_route=\/wp\/v2\/types\/product"}],"wp:featuredmedia":[{"embeddable":true,"href":"https:\/\/farmaciasavenidaderoma.com\/index.php?rest_route=\/wp\/v2\/media\/3542"}],"wp:attachment":[{"href":"https:\/\/farmaciasavenidaderoma.com\/index.php?rest_route=%2Fwp%2Fv2%2Fmedia&parent=3541"}],"wp:term":[{"taxonomy":"product_cat","embeddable":true,"href":"https:\/\/farmaciasavenidaderoma.com\/index.php?rest_route=%2Fwp%2Fv2%2Fproduct_cat&post=3541"},{"taxonomy":"product_tag","embeddable":true,"href":"https:\/\/farmaciasavenidaderoma.com\/index.php?rest_route=%2Fwp%2Fv2%2Fproduct_tag&post=3541"}],"curies":[{"name":"wp","href":"https:\/\/api.w.org\/{rel}","templated":true}]}}