{"id":3521,"date":"2024-04-23T16:57:14","date_gmt":"2024-04-23T15:57:14","guid":{"rendered":"https:\/\/farmaciasavenidaderoma.com\/?post_type=product&#038;p=3521"},"modified":"2024-04-23T18:03:45","modified_gmt":"2024-04-23T17:03:45","slug":"advancis-hepa-60-caps","status":"publish","type":"product","link":"https:\/\/farmaciasavenidaderoma.com\/?product=advancis-hepa-60-caps","title":{"rendered":"Advancis Hepa 60 caps"},"content":{"rendered":"<p class=\"p1\"><strong>Advancis<sup>\u00ae\u00a0<\/sup>Hepa\u00a0<\/strong>\u00e9 um suplemento alimentar otimizado com um extrato de cardo mariano (<em>Silybum marianum<\/em>\u00a0(L.) Gaertn.) com padroniza\u00e7\u00e3o em 80% de silimarina.<\/p>\n<p class=\"p1\">Advancis<sup>\u00ae<\/sup>\u00a0Hepa ajuda na manuten\u00e7\u00e3o de um funcionamento adequado do f\u00edgado.<\/p>\n<p>A\u00a0<strong>Vitamina E<\/strong>\u00a0contribui para a prote\u00e7\u00e3o das c\u00e9lulas contra as oxida\u00e7\u00f5es indesej\u00e1veis.<\/p>\n<p><strong>Modo de Tomar:<\/strong><br \/>\n1 c\u00e1psula de manh\u00e3 e uma \u00e0 noite, com um copo de \u00e1gua, n\u00e3o havendo obrigatoriedade de tomar com as refei\u00e7\u00f5es.<br \/>\nSe necess\u00e1rio, a dose poder\u00e1 ser aumentada para 2 c\u00e1psulas de manh\u00e3 e 2 \u00e0 noite.<\/p>\n<p><strong>Apresenta\u00e7\u00e3o<\/strong><br \/>\n60 c\u00e1psulas.<\/p>\n<p><strong>Advancis<sup>\u00ae<\/sup>\u00a0Hepa<\/strong>\u00a0\u00e9 um suplemento alimentar. N\u00e3o deve ser utilizado como substituto de um regime alimentar variado e equilibrado e de um modo de vida saud\u00e1vel. O cardo mariano contribu\u00ed para bem-estar do f\u00edgado. Uma dose di\u00e1ria\u00a0<strong>Advancis<sup>\u00ae<\/sup>\u00a0Hepa<\/strong>\u00a0fornece a quantidade significativa da dose di\u00e1ria recomendada para se produzirem os efeitos ben\u00e9ficos alegados para a vitamina E e para o Cardo Mariano.<\/p>\n","protected":false},"excerpt":{"rendered":"<p>Advancis\u00ae\u00a0Hepa\u00a0\u00e9 um suplemento alimentar otimizado com um extrato de cardo mariano (Silybum marianum\u00a0(L.) Gaertn.) com padroniza\u00e7\u00e3o em 80% de silimarina. Advancis\u00ae\u00a0Hepa ajuda na manuten\u00e7\u00e3o de&hellip;<\/p>\n","protected":false},"featured_media":3522,"template":"","meta":{"_eb_attr":""},"product_cat":[15,33,25],"product_tag":[86],"class_list":{"0":"post-3521","1":"product","2":"type-product","3":"status-publish","4":"has-post-thumbnail","6":"product_cat-geral","7":"product_cat-campanhas","8":"product_cat-suplementos","9":"product_tag-sistema-digestivo","11":"first","12":"instock","13":"sale","14":"shipping-taxable","15":"purchasable","16":"product-type-simple","17":"customify-col"},"aioseo_notices":[],"_links":{"self":[{"href":"https:\/\/farmaciasavenidaderoma.com\/index.php?rest_route=\/wp\/v2\/product\/3521","targetHints":{"allow":["GET"]}}],"collection":[{"href":"https:\/\/farmaciasavenidaderoma.com\/index.php?rest_route=\/wp\/v2\/product"}],"about":[{"href":"https:\/\/farmaciasavenidaderoma.com\/index.php?rest_route=\/wp\/v2\/types\/product"}],"wp:featuredmedia":[{"embeddable":true,"href":"https:\/\/farmaciasavenidaderoma.com\/index.php?rest_route=\/wp\/v2\/media\/3522"}],"wp:attachment":[{"href":"https:\/\/farmaciasavenidaderoma.com\/index.php?rest_route=%2Fwp%2Fv2%2Fmedia&parent=3521"}],"wp:term":[{"taxonomy":"product_cat","embeddable":true,"href":"https:\/\/farmaciasavenidaderoma.com\/index.php?rest_route=%2Fwp%2Fv2%2Fproduct_cat&post=3521"},{"taxonomy":"product_tag","embeddable":true,"href":"https:\/\/farmaciasavenidaderoma.com\/index.php?rest_route=%2Fwp%2Fv2%2Fproduct_tag&post=3521"}],"curies":[{"name":"wp","href":"https:\/\/api.w.org\/{rel}","templated":true}]}}