{"id":3418,"date":"2024-04-23T16:58:28","date_gmt":"2024-04-23T15:58:28","guid":{"rendered":"https:\/\/farmaciasavenidaderoma.com\/?post_type=product&#038;p=3418"},"modified":"2024-04-23T17:50:39","modified_gmt":"2024-04-23T16:50:39","slug":"rene-furterer-pate-modelante-75ml","status":"publish","type":"product","link":"https:\/\/farmaciasavenidaderoma.com\/?product=rene-furterer-pate-modelante-75ml","title":{"rendered":"Rene Furterer Pat\u00ea Modelante 75ml"},"content":{"rendered":"<p>Molda e define o cabelo para qualquer penteado, adicionando dimens\u00e3o e textura. Ideal para elevar as extremidades dos cabelos curto e m\u00e9dio. Proporciona um suporte de longa dura\u00e7\u00e3o usando a f\u00f3rmula exclusiva de argila efeito mate para controlar o cabelo.<\/p>\n<p><strong>Como aplicar<\/strong>\u00a0 : Aquecer nas m\u00e3os e depois aplicar no cabelo seco.<\/p>\n","protected":false},"excerpt":{"rendered":"<p>Molda e define o cabelo para qualquer penteado, adicionando dimens\u00e3o e textura. Ideal para elevar as extremidades dos cabelos curto e m\u00e9dio. Proporciona um suporte&hellip;<\/p>\n","protected":false},"featured_media":3419,"template":"","meta":{"_eb_attr":""},"product_cat":[15,33,24],"product_tag":[72],"class_list":{"0":"post-3418","1":"product","2":"type-product","3":"status-publish","4":"has-post-thumbnail","6":"product_cat-geral","7":"product_cat-campanhas","8":"product_cat-derma","9":"product_tag-cabelo","11":"first","12":"instock","13":"sale","14":"shipping-taxable","15":"purchasable","16":"product-type-simple","17":"customify-col"},"aioseo_notices":[],"_links":{"self":[{"href":"https:\/\/farmaciasavenidaderoma.com\/index.php?rest_route=\/wp\/v2\/product\/3418","targetHints":{"allow":["GET"]}}],"collection":[{"href":"https:\/\/farmaciasavenidaderoma.com\/index.php?rest_route=\/wp\/v2\/product"}],"about":[{"href":"https:\/\/farmaciasavenidaderoma.com\/index.php?rest_route=\/wp\/v2\/types\/product"}],"wp:featuredmedia":[{"embeddable":true,"href":"https:\/\/farmaciasavenidaderoma.com\/index.php?rest_route=\/wp\/v2\/media\/3419"}],"wp:attachment":[{"href":"https:\/\/farmaciasavenidaderoma.com\/index.php?rest_route=%2Fwp%2Fv2%2Fmedia&parent=3418"}],"wp:term":[{"taxonomy":"product_cat","embeddable":true,"href":"https:\/\/farmaciasavenidaderoma.com\/index.php?rest_route=%2Fwp%2Fv2%2Fproduct_cat&post=3418"},{"taxonomy":"product_tag","embeddable":true,"href":"https:\/\/farmaciasavenidaderoma.com\/index.php?rest_route=%2Fwp%2Fv2%2Fproduct_tag&post=3418"}],"curies":[{"name":"wp","href":"https:\/\/api.w.org\/{rel}","templated":true}]}}