{"id":3416,"date":"2024-04-23T16:58:28","date_gmt":"2024-04-23T15:58:28","guid":{"rendered":"https:\/\/farmaciasavenidaderoma.com\/?post_type=product&#038;p=3416"},"modified":"2024-04-23T17:50:29","modified_gmt":"2024-04-23T16:50:29","slug":"rene-furterer-style-gel-fixante-150ml","status":"publish","type":"product","link":"https:\/\/farmaciasavenidaderoma.com\/?product=rene-furterer-style-gel-fixante-150ml","title":{"rendered":"Rene Furterer Style Gel Fixante 150ml"},"content":{"rendered":"<div class=\"py-4 border-bottom\" data-v-b10c057c=\"\">\n<div class=\"px-4\" data-v-b10c057c=\"\">\n<div id=\"collapse-0\" class=\"collapse show\" data-v-b10c057c=\"\">\n<div class=\"fs-14 text-gray-700 font-alt mt-4\" data-v-b10c057c=\"\">\n<p><strong>Ren\u00e9 Furterer Style Gel\u00a0<\/strong>\u00e9 um gel modelante, de fixa\u00e7\u00e3o elevada, que define, fixa e estrutura, para um penteado estruturado ou desconstru\u00eddo.<\/p>\n<p>Tem uma textura em gel leve, que n\u00e3o cola, com uma combina\u00e7\u00e3o de ingredientes ativos de origem vegetal: extrato de jojoba, vitamina B5 e resinas fixantes, para uma a\u00e7\u00e3o regenerante, reparadora, nutritiva, modelante e flexibilizante.<\/p>\n<p>O cabelo fica brilhante, protegido e com um penteado\u00a0estruturado e definido.<\/p>\n<p>De fixa\u00e7\u00e3o forte e de longa dura\u00e7\u00e3o, define e modela de imediato o penteado. Reestrutura e fixa o penteado e deixa o cabelo sublime. Proporciona prote\u00e7\u00e3o e preserva a beleza do cabelo. Deixa o penteado luminoso, sem colar.<\/p>\n<p>Ideal para cabelos curtos.<\/p>\n<\/div>\n<\/div>\n<\/div>\n<\/div>\n<div class=\"py-4 border-bottom\" data-v-b10c057c=\"\">\n<div class=\"px-4\" data-v-b10c057c=\"\">\n<div class=\"font-weight-bolder shadow-none text-gray-850 fs-18 text-capitalize d-flex justify-content-between align-items-center not-collapsed\" role=\"button\" data-v-b10c057c=\"\" aria-expanded=\"true\" aria-controls=\"collapse-1\"><span data-v-b10c057c=\"\"><i class=\"icon-ldf-success text-primary\" data-v-b10c057c=\"\"><\/i>\u00a0Como Utilizar:<\/span><i class=\"icon icon-arrow-right text-gray-400\" data-v-b10c057c=\"\"><\/i><\/div>\n<div id=\"collapse-1\" class=\"collapse show\" data-v-b10c057c=\"\">\n<div class=\"fs-14 text-gray-700 font-alt mt-4\" data-v-b10c057c=\"\">\n<p>Aplicar um pouco de\u00a0<strong>Ren\u00e9 Furterer Style Gel<\/strong>\u00a0no cabelo h\u00famido ou seco, com a ajuda das m\u00e3os. Pentear como desejar.<\/p>\n<\/div>\n<\/div>\n<\/div>\n<\/div>\n","protected":false},"excerpt":{"rendered":"<p>Ren\u00e9 Furterer Style Gel\u00a0\u00e9 um gel modelante, de fixa\u00e7\u00e3o elevada, que define, fixa e estrutura, para um penteado estruturado ou desconstru\u00eddo. Tem uma textura em&hellip;<\/p>\n","protected":false},"featured_media":3417,"template":"","meta":{"_eb_attr":""},"product_cat":[15,33,24],"product_tag":[72],"class_list":{"0":"post-3416","1":"product","2":"type-product","3":"status-publish","4":"has-post-thumbnail","6":"product_cat-geral","7":"product_cat-campanhas","8":"product_cat-derma","9":"product_tag-cabelo","11":"first","12":"instock","13":"sale","14":"shipping-taxable","15":"purchasable","16":"product-type-simple","17":"customify-col"},"aioseo_notices":[],"_links":{"self":[{"href":"https:\/\/farmaciasavenidaderoma.com\/index.php?rest_route=\/wp\/v2\/product\/3416","targetHints":{"allow":["GET"]}}],"collection":[{"href":"https:\/\/farmaciasavenidaderoma.com\/index.php?rest_route=\/wp\/v2\/product"}],"about":[{"href":"https:\/\/farmaciasavenidaderoma.com\/index.php?rest_route=\/wp\/v2\/types\/product"}],"wp:featuredmedia":[{"embeddable":true,"href":"https:\/\/farmaciasavenidaderoma.com\/index.php?rest_route=\/wp\/v2\/media\/3417"}],"wp:attachment":[{"href":"https:\/\/farmaciasavenidaderoma.com\/index.php?rest_route=%2Fwp%2Fv2%2Fmedia&parent=3416"}],"wp:term":[{"taxonomy":"product_cat","embeddable":true,"href":"https:\/\/farmaciasavenidaderoma.com\/index.php?rest_route=%2Fwp%2Fv2%2Fproduct_cat&post=3416"},{"taxonomy":"product_tag","embeddable":true,"href":"https:\/\/farmaciasavenidaderoma.com\/index.php?rest_route=%2Fwp%2Fv2%2Fproduct_tag&post=3416"}],"curies":[{"name":"wp","href":"https:\/\/api.w.org\/{rel}","templated":true}]}}