{"id":3112,"date":"2024-03-27T18:14:53","date_gmt":"2024-03-27T18:14:53","guid":{"rendered":"https:\/\/farmaciasavenidaderoma.com\/?post_type=product&#038;p=3112"},"modified":"2024-04-26T12:27:10","modified_gmt":"2024-04-26T11:27:10","slug":"klorane-capilar-balsamo-quinina-e-edelvaisse-bio-200ml","status":"publish","type":"product","link":"https:\/\/farmaciasavenidaderoma.com\/?product=klorane-capilar-balsamo-quinina-e-edelvaisse-bio-200ml","title":{"rendered":"Klorane Capilar B\u00e1lsamo Quinina e Edelvaisse Bio 200ml"},"content":{"rendered":"<p>Condicionador com quinina e edelvaisse BIO.<\/p>\n<p>O gesto de cuidado para desembara\u00e7ar o cabelo ao mesmo empo que refor\u00e7a a fibra capilar.<\/p>\n<p>Se desembara\u00e7ar o cabelo \u00e9 uma etapa essencial para ter um cabelo bonito, o cabelo desvitalizado tem tend\u00eancia a quebrar devido a escovagens sucessivas.<\/p>\n<p>Destinado ao cabelo fragilizado ou em complemento do cuidado antiqueda, este condicionador facilita o desembara\u00e7ar do cabelo ao mesmo tempo que fica mais resistente para limitar a quebra do cabelo devido \u00e0 escovagem.<\/p>\n<p>Revitalizado, o cabelo fica mais f\u00e1cil de pentear e a fibra capilar \u00e9 refor\u00e7ada.<\/p>\n","protected":false},"excerpt":{"rendered":"<p>Condicionador com quinina e edelvaisse BIO. O gesto de cuidado para desembara\u00e7ar o cabelo ao mesmo empo que refor\u00e7a a fibra capilar. Se desembara\u00e7ar o&hellip;<\/p>\n","protected":false},"featured_media":3113,"template":"","meta":{"_eb_attr":""},"product_cat":[33,24],"product_tag":[72],"class_list":{"0":"post-3112","1":"product","2":"type-product","3":"status-publish","4":"has-post-thumbnail","6":"product_cat-campanhas","7":"product_cat-derma","8":"product_tag-cabelo","10":"first","11":"instock","12":"sale","13":"shipping-taxable","14":"purchasable","15":"product-type-simple","16":"customify-col"},"aioseo_notices":[],"_links":{"self":[{"href":"https:\/\/farmaciasavenidaderoma.com\/index.php?rest_route=\/wp\/v2\/product\/3112","targetHints":{"allow":["GET"]}}],"collection":[{"href":"https:\/\/farmaciasavenidaderoma.com\/index.php?rest_route=\/wp\/v2\/product"}],"about":[{"href":"https:\/\/farmaciasavenidaderoma.com\/index.php?rest_route=\/wp\/v2\/types\/product"}],"wp:featuredmedia":[{"embeddable":true,"href":"https:\/\/farmaciasavenidaderoma.com\/index.php?rest_route=\/wp\/v2\/media\/3113"}],"wp:attachment":[{"href":"https:\/\/farmaciasavenidaderoma.com\/index.php?rest_route=%2Fwp%2Fv2%2Fmedia&parent=3112"}],"wp:term":[{"taxonomy":"product_cat","embeddable":true,"href":"https:\/\/farmaciasavenidaderoma.com\/index.php?rest_route=%2Fwp%2Fv2%2Fproduct_cat&post=3112"},{"taxonomy":"product_tag","embeddable":true,"href":"https:\/\/farmaciasavenidaderoma.com\/index.php?rest_route=%2Fwp%2Fv2%2Fproduct_tag&post=3112"}],"curies":[{"name":"wp","href":"https:\/\/api.w.org\/{rel}","templated":true}]}}