{"id":2307,"date":"2024-03-27T18:24:21","date_gmt":"2024-03-27T18:24:21","guid":{"rendered":"https:\/\/farmaciasavenidaderoma.com\/?post_type=product&#038;p=2307"},"modified":"2024-04-24T11:33:34","modified_gmt":"2024-04-24T10:33:34","slug":"cistitone-agaxidil-60-caps","status":"publish","type":"product","link":"https:\/\/farmaciasavenidaderoma.com\/?product=cistitone-agaxidil-60-caps","title":{"rendered":"Cistitone Agaxidil 60 c\u00e1ps"},"content":{"rendered":"<p>Suplemento alimentar formulado para homens e mulheres como complemento de tratamentos de queda do cabelo de origem androgen\u00e9tica (hormonal).<\/p>\n<p>Incorpora\u00a0Serenoa repens\u00a0e\u00a0Cucurbita pepo, dois ingredientes suportados cientificamente que atuam especificamente sobre a queda capilar cr\u00f3nica severa. Exerce uma a\u00e7\u00e3o integral, pois a sua f\u00f3rmula \u00e9\u00a0enriquecida com vitaminas e minerais que contribuem para a manuten\u00e7\u00e3o do cabelo em condi\u00e7\u00f5es normais, tais como Biotina, Zinco e Cobre, em conjunto com a Cistina, elemento importante constitutivo da fibra capilar.<\/p>\n<p>Composi\u00e7\u00e3o:<\/p>\n<p>320 mg de\u00a0<em>Cucurbita pepo<\/em>\u00a0L., 320 mg de\u00a0<em>Serenoa repens<\/em>, 425 mg de L-Cistina, 5 \u00b5g de Vitamina D, Cobre, Zinco, Sel\u00e9nio, Vitaminas B1, B3, B5, B6, B12, C, E e Biotina.<\/p>\n<p><b>N\u00e3o cont\u00e9m gl\u00faten.<\/b><\/p>\n<p>1 c\u00e1psula por dia, imediatamente ap\u00f3s uma refei\u00e7\u00e3o principal.<\/p>\n<p>Os suplementos alimentares n\u00e3o devem ser utilizados como substitutos de um regime alimentar variado.<\/p>\n<p>N\u00e3o dever\u00e1 ser utilizado em caso de alergia a algum dos constituintes.<\/p>\n<p>Manter fora da vista e do alcance das crian\u00e7as.<\/p>\n<p>Conservar em local fresco e seco.<\/p>\n<p>N\u00e3o recomendado em crian\u00e7as com idade inferior a 12 anos.<\/p>\n<p>Podem ocorrer efeitos gastrointestinais.<\/p>\n<p>A toma de antibioticos deve ser o mais possivel afastada da toma so suplemento de zinco.<\/p>\n","protected":false},"excerpt":{"rendered":"<p>Suplemento alimentar formulado para homens e mulheres como complemento de tratamentos de queda do cabelo de origem androgen\u00e9tica (hormonal). Incorpora\u00a0Serenoa repens\u00a0e\u00a0Cucurbita pepo, dois ingredientes suportados&hellip;<\/p>\n","protected":false},"featured_media":2308,"template":"","meta":{"_eb_attr":""},"product_cat":[15,25],"product_tag":[72],"class_list":{"0":"post-2307","1":"product","2":"type-product","3":"status-publish","4":"has-post-thumbnail","6":"product_cat-geral","7":"product_cat-suplementos","8":"product_tag-cabelo","10":"first","11":"instock","12":"shipping-taxable","13":"purchasable","14":"product-type-simple","15":"customify-col"},"aioseo_notices":[],"_links":{"self":[{"href":"https:\/\/farmaciasavenidaderoma.com\/index.php?rest_route=\/wp\/v2\/product\/2307","targetHints":{"allow":["GET"]}}],"collection":[{"href":"https:\/\/farmaciasavenidaderoma.com\/index.php?rest_route=\/wp\/v2\/product"}],"about":[{"href":"https:\/\/farmaciasavenidaderoma.com\/index.php?rest_route=\/wp\/v2\/types\/product"}],"wp:featuredmedia":[{"embeddable":true,"href":"https:\/\/farmaciasavenidaderoma.com\/index.php?rest_route=\/wp\/v2\/media\/2308"}],"wp:attachment":[{"href":"https:\/\/farmaciasavenidaderoma.com\/index.php?rest_route=%2Fwp%2Fv2%2Fmedia&parent=2307"}],"wp:term":[{"taxonomy":"product_cat","embeddable":true,"href":"https:\/\/farmaciasavenidaderoma.com\/index.php?rest_route=%2Fwp%2Fv2%2Fproduct_cat&post=2307"},{"taxonomy":"product_tag","embeddable":true,"href":"https:\/\/farmaciasavenidaderoma.com\/index.php?rest_route=%2Fwp%2Fv2%2Fproduct_tag&post=2307"}],"curies":[{"name":"wp","href":"https:\/\/api.w.org\/{rel}","templated":true}]}}